{"id":12,"date":"2022-08-10T15:23:06","date_gmt":"2022-08-10T15:23:06","guid":{"rendered":"https:\/\/tcabsl.org\/wordpress\/?page_id=12"},"modified":"2022-10-28T12:40:25","modified_gmt":"2022-10-28T12:40:25","slug":"accueil","status":"publish","type":"page","link":"https:\/\/tcabsl.org\/wordpress\/","title":{"rendered":"Accueil"},"content":{"rendered":"\t\t<div data-elementor-type=\"wp-post\" data-elementor-id=\"12\" class=\"elementor elementor-12\" data-elementor-post-type=\"page\">\n\t\t\t\t\t\t<section class=\"elementor-section elementor-top-section elementor-element elementor-element-1eb3d2e elementor-section-boxed elementor-section-height-default elementor-section-height-default\" data-id=\"1eb3d2e\" data-element_type=\"section\">\n\t\t\t\t\t\t<div class=\"elementor-container elementor-column-gap-default\">\n\t\t\t\t\t<div class=\"elementor-column elementor-col-100 elementor-top-column elementor-element elementor-element-f2ee038\" data-id=\"f2ee038\" data-element_type=\"column\">\n\t\t\t<div class=\"elementor-widget-wrap elementor-element-populated\">\n\t\t\t\t\t\t<div class=\"elementor-element elementor-element-e8224d4 elementor-cta--skin-classic elementor-animated-content elementor-bg-transform elementor-bg-transform-zoom-in elementor-widget elementor-widget-call-to-action\" data-id=\"e8224d4\" data-element_type=\"widget\" data-widget_type=\"call-to-action.default\">\n\t\t\t\t<div class=\"elementor-widget-container\">\n\t\t\t\t\t\t\t<div class=\"elementor-cta\">\n\t\t\t\t\t<div class=\"elementor-cta__bg-wrapper\">\n\t\t\t\t<div class=\"elementor-cta__bg elementor-bg\" style=\"background-image: url(https:\/\/tcabsl.org\/wordpress\/wp-content\/uploads\/2022\/10\/Accueil_photo-1-1024x683.jpg);\" role=\"img\" aria-label=\"Group of senior friends chatting\"><\/div>\n\t\t\t\t<div class=\"elementor-cta__bg-overlay\"><\/div>\n\t\t\t<\/div>\n\t\t\t\t\t\t\t<div class=\"elementor-cta__content\">\n\t\t\t\t\n\t\t\t\t\t\t\t\t\t<h2 class=\"elementor-cta__title elementor-cta__content-item elementor-content-item\">\n\t\t\t\t\t\tBIENVENUE A LA TCABSL\t\t\t\t\t<\/h2>\n\t\t\t\t\n\t\t\t\t\t\t\t\t\t<div class=\"elementor-cta__description elementor-cta__content-item elementor-content-item\">\n\t\t\t\t\t\tLES A\u00ceN\u00c9S, LA PRIORIT\u00c9 !\t\t\t\t\t<\/div>\n\t\t\t\t\n\t\t\t\t\t\t\t\t\t<div class=\"elementor-cta__button-wrapper elementor-cta__content-item elementor-content-item \">\n\t\t\t\t\t<a class=\"elementor-cta__button elementor-button elementor-size-xl\" href=\"https:\/\/tcabsl.org\/wordpress\/nous-joindre\">\n\t\t\t\t\t\tNOUS JOINDRE\t\t\t\t\t<\/a>\n\t\t\t\t\t<\/div>\n\t\t\t\t\t\t\t<\/div>\n\t\t\t\t\t\t<\/div>\n\t\t\t\t\t\t<\/div>\n\t\t\t\t<\/div>\n\t\t\t\t\t<\/div>\n\t\t<\/div>\n\t\t\t\t\t<\/div>\n\t\t<\/section>\n\t\t\t\t<section class=\"elementor-section elementor-top-section elementor-element elementor-element-33ccf8d elementor-section-boxed elementor-section-height-default elementor-section-height-default\" data-id=\"33ccf8d\" data-element_type=\"section\">\n\t\t\t\t\t\t<div class=\"elementor-container elementor-column-gap-default\">\n\t\t\t\t\t<div class=\"elementor-column elementor-col-100 elementor-top-column elementor-element elementor-element-e3d8dfd\" data-id=\"e3d8dfd\" data-element_type=\"column\">\n\t\t\t<div class=\"elementor-widget-wrap elementor-element-populated\">\n\t\t\t\t\t\t<div class=\"elementor-element elementor-element-b8d96ef elementor-cta--layout-image-right elementor-cta--valign-middle elementor-cta--skin-classic elementor-animated-content elementor-bg-transform elementor-bg-transform-zoom-in elementor-widget elementor-widget-call-to-action\" data-id=\"b8d96ef\" data-element_type=\"widget\" data-widget_type=\"call-to-action.default\">\n\t\t\t\t<div class=\"elementor-widget-container\">\n\t\t\t\t\t\t\t<div class=\"elementor-cta\">\n\t\t\t\t\t<div class=\"elementor-cta__bg-wrapper\">\n\t\t\t\t<div class=\"elementor-cta__bg elementor-bg\" style=\"background-image: url(https:\/\/tcabsl.org\/wordpress\/wp-content\/uploads\/2022\/10\/bienvenue-a-la-table-.png);\" role=\"img\" aria-label=\"bienvenue-a-la-table-\"><\/div>\n\t\t\t\t<div class=\"elementor-cta__bg-overlay\"><\/div>\n\t\t\t<\/div>\n\t\t\t\t\t\t\t<div class=\"elementor-cta__content\">\n\t\t\t\t\n\t\t\t\t\n\t\t\t\t\t\t\t\t\t<div class=\"elementor-cta__description elementor-cta__content-item elementor-content-item\">\n\t\t\t\t\t\t\u00ab Le quart de la population du Bas-Saint-Laurent est actuellement \u00e2g\u00e9e de 65 ans et plus. Cet important cap, nous l\u2019avons franchi en 2018 selon l\u2019Institut de la statistique du Qu\u00e9bec. \u00c9videmment, le nombre de personnes a\u00een\u00e9es continuera d\u2019augmenter au cours des prochaines d\u00e9cennies, et c\u2019est pourquoi l\u2019existence de la Table de concertation des a\u00een\u00e9s du Bas-Saint-Laurent (TCABSL) se r\u00e9v\u00e8le cruciale.\n\nNotre r\u00f4le au sein de la communaut\u00e9 est de permettre aux gens \u00e2g\u00e9s et aux organismes qui les desservent de porter leurs voix aupr\u00e8s des instances gouvernementales et paragouvernementales. D\u2019ailleurs, nous travaillons en \u00e9troite collaboration avec le Secr\u00e9tariat aux a\u00een\u00e9s et la ministre responsable des A\u00een\u00e9s et des Proches aidants pour trouver des solutions ad\u00e9quates aux enjeux sociaux touchant le troisi\u00e8me \u00e2ge dans la r\u00e9gion, comme la sant\u00e9, l\u2019isolement, l\u2019accessibilit\u00e9 et le transport collectif.\n\nPlus que jamais, nous devons valoriser l\u2019autonomie des a\u00een\u00e9s et les soutenir dans leur r\u00f4le de citoyens. Ensemble, agissons. \u00bb\n\n- C\u00e9cile Corbin, pr\u00e9sidente, TCABSL\n\t\t\t\t\t<\/div>\n\t\t\t\t\n\t\t\t\t\t\t\t\t\t<div class=\"elementor-cta__button-wrapper elementor-cta__content-item elementor-content-item \">\n\t\t\t\t\t<a class=\"elementor-cta__button elementor-button elementor-size-xl\" href=\"https:\/\/tcabsl.org\/wordpress\/presentation\/\">\n\t\t\t\t\t\tD\u00c9COUVRIR LA TABLE\t\t\t\t\t<\/a>\n\t\t\t\t\t<\/div>\n\t\t\t\t\t\t\t<\/div>\n\t\t\t\t\t\t<\/div>\n\t\t\t\t\t\t<\/div>\n\t\t\t\t<\/div>\n\t\t\t\t\t<\/div>\n\t\t<\/div>\n\t\t\t\t\t<\/div>\n\t\t<\/section>\n\t\t\t\t<section class=\"elementor-section elementor-top-section elementor-element elementor-element-c71a69f elementor-section-boxed elementor-section-height-default elementor-section-height-default\" data-id=\"c71a69f\" data-element_type=\"section\">\n\t\t\t\t\t\t<div class=\"elementor-container elementor-column-gap-default\">\n\t\t\t\t\t<div class=\"elementor-column elementor-col-100 elementor-top-column elementor-element elementor-element-96cc570\" data-id=\"96cc570\" data-element_type=\"column\">\n\t\t\t<div class=\"elementor-widget-wrap elementor-element-populated\">\n\t\t\t\t\t\t<div class=\"elementor-element elementor-element-ac41300 elementor-widget elementor-widget-wp-widget-recent-posts-widget-with-thumbnails\" data-id=\"ac41300\" data-element_type=\"widget\" data-widget_type=\"wp-widget-recent-posts-widget-with-thumbnails.default\">\n\t\t\t\t<div class=\"elementor-widget-container\">\n\t\t\t\t\t\n<div id=\"rpwwt-wp-widget-recent-posts-widget-with-thumbnails\" class=\"rpwwt-widget\">\r\n<h5>A CONSULTER<\/h5>\n\t<nav role=\"navigation\" aria-label=\"A CONSULTER\">\r\n\t<ul>\r\n\t\t<li><a href=\"https:\/\/tcabsl.org\/wordpress\/2026\/02\/26\/rapport-de-concertation-sur-la-cohabitation-inter-generationnelle-de-type-familiale\/\"><span class=\"rpwwt-post-title\">Rapport de concertation sur la cohabitation inter-g\u00e9n\u00e9rationnelle de type familiale<\/span><\/a><div class=\"rpwwt-post-excerpt\"><\/div><\/li>\r\n\t\t<li><a href=\"https:\/\/tcabsl.org\/wordpress\/2026\/02\/26\/bulletin-les-aines-la-priorite-edition-hiver-2026\/\"><span class=\"rpwwt-post-title\">Bulletin \u00abLes a\u00een\u00e9s, la priorit\u00e9\u00bb \u00c9dition Hiver 2026<\/span><\/a><div class=\"rpwwt-post-excerpt\"><\/div><\/li>\r\n\t\t<li><a href=\"https:\/\/tcabsl.org\/wordpress\/2025\/10\/07\/bulletin-les-aines-la-priorite-edition-automne-2025\/\"><span class=\"rpwwt-post-title\">Bulletin \u00abLes a\u00een\u00e9s, la priorit\u00e9\u00bb \u00c9dition Automne 2025<\/span><\/a><div class=\"rpwwt-post-excerpt\"><\/div><\/li>\r\n\t\t<li><a href=\"https:\/\/tcabsl.org\/wordpress\/2025\/10\/07\/rapport-dactivites-2024-2025\/\"><span class=\"rpwwt-post-title\">Rapport d&rsquo;activit\u00e9s &#8211; 2024-2025<\/span><\/a><div class=\"rpwwt-post-excerpt\"><\/div><\/li>\r\n\t\t<li><a href=\"https:\/\/tcabsl.org\/wordpress\/2025\/05\/02\/bulletin-les-aines-la-priorite-edition-printemps-ete-2025\/\"><span class=\"rpwwt-post-title\">Bulletin \u00abLes a\u00een\u00e9s, la priorit\u00e9\u00bb \u00c9dition Printemps-\u00c9t\u00e9 2025<\/span><\/a><div class=\"rpwwt-post-excerpt\"><\/div><\/li>\r\n\t\t<li><a href=\"https:\/\/tcabsl.org\/wordpress\/2025\/01\/29\/bulletin-les-aines-la-priorite-edition-hiver-2025\/\"><span class=\"rpwwt-post-title\">Bulletin \u00abLes a\u00een\u00e9s, la priorit\u00e9\u00bb \u00c9dition Hiver 2025<\/span><\/a><div class=\"rpwwt-post-excerpt\"><\/div><\/li>\r\n\t\t<li><a href=\"https:\/\/tcabsl.org\/wordpress\/2024\/09\/27\/bulletin-les-aines-la-priorite-edition-septembre-2024\/\"><span class=\"rpwwt-post-title\">Bulletin \u00abLes a\u00een\u00e9s, la priorit\u00e9\u00bb \u00c9dition Septembre 2024<\/span><\/a><div class=\"rpwwt-post-excerpt\"><\/div><\/li>\r\n\t\t<li><a href=\"https:\/\/tcabsl.org\/wordpress\/2024\/06\/17\/rapport-annuel-dactivites-2023-2024\/\"><span class=\"rpwwt-post-title\">Rapport annuel d\u2019activit\u00e9s &#8211; 2023-2024<\/span><\/a><div class=\"rpwwt-post-excerpt\"><\/div><\/li>\r\n\t<\/ul>\r\n\t<\/nav>\r\n<\/div><!-- .rpwwt-widget -->\r\n\t\t\t\t<\/div>\n\t\t\t\t<\/div>\n\t\t\t\t\t<\/div>\n\t\t<\/div>\n\t\t\t\t\t<\/div>\n\t\t<\/section>\n\t\t\t\t<section class=\"elementor-section elementor-top-section elementor-element elementor-element-3ae9c39 elementor-section-boxed elementor-section-height-default elementor-section-height-default\" data-id=\"3ae9c39\" data-element_type=\"section\">\n\t\t\t\t\t\t<div class=\"elementor-container elementor-column-gap-default\">\n\t\t\t\t\t<div class=\"elementor-column elementor-col-100 elementor-top-column elementor-element elementor-element-000b502\" data-id=\"000b502\" data-element_type=\"column\">\n\t\t\t<div class=\"elementor-widget-wrap\">\n\t\t\t\t\t\t\t<\/div>\n\t\t<\/div>\n\t\t\t\t\t<\/div>\n\t\t<\/section>\n\t\t\t\t<section class=\"elementor-section elementor-top-section elementor-element elementor-element-5855572 elementor-section-boxed elementor-section-height-default elementor-section-height-default\" data-id=\"5855572\" data-element_type=\"section\">\n\t\t\t\t\t\t<div class=\"elementor-container elementor-column-gap-default\">\n\t\t\t\t\t<div class=\"elementor-column elementor-col-100 elementor-top-column elementor-element elementor-element-a4612a8\" data-id=\"a4612a8\" data-element_type=\"column\">\n\t\t\t<div class=\"elementor-widget-wrap elementor-element-populated\">\n\t\t\t\t\t\t<div class=\"elementor-element elementor-element-736250e elementor-cta--layout-image-left elementor-cta--skin-classic elementor-animated-content elementor-bg-transform elementor-bg-transform-zoom-in elementor-widget elementor-widget-call-to-action\" data-id=\"736250e\" data-element_type=\"widget\" data-widget_type=\"call-to-action.default\">\n\t\t\t\t<div class=\"elementor-widget-container\">\n\t\t\t\t\t\t\t<div class=\"elementor-cta\">\n\t\t\t\t\t<div class=\"elementor-cta__bg-wrapper\">\n\t\t\t\t<div class=\"elementor-cta__bg elementor-bg\" style=\"background-image: url(https:\/\/tcabsl.org\/wordpress\/wp-content\/uploads\/2022\/10\/Accueil_photo-3_bas-de-page-1024x684.jpg);\" role=\"img\" aria-label=\"Accueil_photo 3_bas de page\"><\/div>\n\t\t\t\t<div class=\"elementor-cta__bg-overlay\"><\/div>\n\t\t\t<\/div>\n\t\t\t\t\t\t\t<div class=\"elementor-cta__content\">\n\t\t\t\t\n\t\t\t\t\t\t\t\t\t<h2 class=\"elementor-cta__title elementor-cta__content-item elementor-content-item\">\n\t\t\t\t\t\tDEVENIR MEMBRE\t\t\t\t\t<\/h2>\n\t\t\t\t\n\t\t\t\t\n\t\t\t\t\t\t\t\t\t<div class=\"elementor-cta__button-wrapper elementor-cta__content-item elementor-content-item \">\n\t\t\t\t\t<a class=\"elementor-cta__button elementor-button elementor-size-\" href=\"https:\/\/tcabsl.org\/wordpress\/adhesion\">\n\t\t\t\t\t\tCliquer ici pour le faire\t\t\t\t\t<\/a>\n\t\t\t\t\t<\/div>\n\t\t\t\t\t\t\t<\/div>\n\t\t\t\t\t\t<\/div>\n\t\t\t\t\t\t<\/div>\n\t\t\t\t<\/div>\n\t\t\t\t\t<\/div>\n\t\t<\/div>\n\t\t\t\t\t<\/div>\n\t\t<\/section>\n\t\t\t\t<\/div>\n\t\t","protected":false},"excerpt":{"rendered":"<p>BIENVENUE A LA TCABSL LES A\u00ceN\u00c9S, LA PRIORIT\u00c9 ! NOUS JOINDRE \u00ab Le quart de la population du Bas-Saint-Laurent est actuellement \u00e2g\u00e9e de 65 ans et plus. Cet important cap, nous l\u2019avons franchi en 2018 selon l\u2019Institut de la statistique du Qu\u00e9bec. \u00c9videmment, le nombre de personnes a\u00een\u00e9es continuera d\u2019augmenter au cours des prochaines d\u00e9cennies, [&hellip;]<\/p>\n","protected":false},"author":3,"featured_media":0,"parent":0,"menu_order":0,"comment_status":"closed","ping_status":"closed","template":"","meta":{"site-sidebar-layout":"no-sidebar","site-content-layout":"page-builder","ast-site-content-layout":"default","site-content-style":"default","site-sidebar-style":"default","ast-global-header-display":"","ast-banner-title-visibility":"","ast-main-header-display":"","ast-hfb-above-header-display":"","ast-hfb-below-header-display":"","ast-hfb-mobile-header-display":"","site-post-title":"disabled","ast-breadcrumbs-content":"","ast-featured-img":"disabled","footer-sml-layout":"","ast-disable-related-posts":"","theme-transparent-header-meta":"","adv-header-id-meta":"","stick-header-meta":"","header-above-stick-meta":"","header-main-stick-meta":"","header-below-stick-meta":"","astra-migrate-meta-layouts":"default","ast-page-background-enabled":"default","ast-page-background-meta":{"desktop":{"background-color":"var(--ast-global-color-4)","background-image":"","background-repeat":"repeat","background-position":"center center","background-size":"auto","background-attachment":"scroll","background-type":"","background-media":"","overlay-type":"","overlay-color":"","overlay-opacity":"","overlay-gradient":""},"tablet":{"background-color":"","background-image":"","background-repeat":"repeat","background-position":"center center","background-size":"auto","background-attachment":"scroll","background-type":"","background-media":"","overlay-type":"","overlay-color":"","overlay-opacity":"","overlay-gradient":""},"mobile":{"background-color":"","background-image":"","background-repeat":"repeat","background-position":"center center","background-size":"auto","background-attachment":"scroll","background-type":"","background-media":"","overlay-type":"","overlay-color":"","overlay-opacity":"","overlay-gradient":""}},"ast-content-background-meta":{"desktop":{"background-color":"var(--ast-global-color-5)","background-image":"","background-repeat":"repeat","background-position":"center center","background-size":"auto","background-attachment":"scroll","background-type":"","background-media":"","overlay-type":"","overlay-color":"","overlay-opacity":"","overlay-gradient":""},"tablet":{"background-color":"var(--ast-global-color-5)","background-image":"","background-repeat":"repeat","background-position":"center center","background-size":"auto","background-attachment":"scroll","background-type":"","background-media":"","overlay-type":"","overlay-color":"","overlay-opacity":"","overlay-gradient":""},"mobile":{"background-color":"var(--ast-global-color-5)","background-image":"","background-repeat":"repeat","background-position":"center center","background-size":"auto","background-attachment":"scroll","background-type":"","background-media":"","overlay-type":"","overlay-color":"","overlay-opacity":"","overlay-gradient":""}},"footnotes":""},"class_list":["post-12","page","type-page","status-publish","hentry"],"_links":{"self":[{"href":"https:\/\/tcabsl.org\/wordpress\/wp-json\/wp\/v2\/pages\/12","targetHints":{"allow":["GET"]}}],"collection":[{"href":"https:\/\/tcabsl.org\/wordpress\/wp-json\/wp\/v2\/pages"}],"about":[{"href":"https:\/\/tcabsl.org\/wordpress\/wp-json\/wp\/v2\/types\/page"}],"author":[{"embeddable":true,"href":"https:\/\/tcabsl.org\/wordpress\/wp-json\/wp\/v2\/users\/3"}],"replies":[{"embeddable":true,"href":"https:\/\/tcabsl.org\/wordpress\/wp-json\/wp\/v2\/comments?post=12"}],"version-history":[{"count":53,"href":"https:\/\/tcabsl.org\/wordpress\/wp-json\/wp\/v2\/pages\/12\/revisions"}],"predecessor-version":[{"id":291,"href":"https:\/\/tcabsl.org\/wordpress\/wp-json\/wp\/v2\/pages\/12\/revisions\/291"}],"wp:attachment":[{"href":"https:\/\/tcabsl.org\/wordpress\/wp-json\/wp\/v2\/media?parent=12"}],"curies":[{"name":"wp","href":"https:\/\/api.w.org\/{rel}","templated":true}]}}